2, 11, 18047
List the prime factors of 260982.
2, 3, 179
What are the prime factors of 6040010?
2, 5, 604001
List the prime factors of 13781907.
3, 229, 743
What are the prime factors of 248461?
248461
What are the prime factors of 11752484?
2, 373, 7877
What are the prime factors of 1385465?
5, 37, 7489
What are the prime factors of 4240859?
7, 605837
What are the prime factors of 419605?
5, 83921
List the prime factors of 4405848.
2, 3, 183577
List the prime factors of 2172035.
5, 434407
List the prime factors of 410322.
2, 3, 11, 6217
What are the prime factors of 413352?
2, 3, 5741
What are the prime factors of 1605552?
2, 3, 13, 31, 83
What are the prime factors of 12340?
2, 5, 617
List the prime factors of 1794592.
2, 56081
List the prime factors of 6251681.
6251681
List the prime factors of 718388.
2, 11, 29, 563
List the prime factors of 14149.
14149
List the prime factors of 9053385.
3, 5, 11, 54869
List the prime factors of 486093.
3, 311, 521
What are the prime factors of 30814626?
2, 3, 1553, 3307
What are the prime factors of 153654?
2, 3, 25609
List the prime factors of 573794.
2, 13, 29, 761
List the prime factors of 40021466.
2, 53, 377561
What are the prime factors of 484348?
2, 19, 6373
List the prime factors of 19861756.
2, 157, 31627
List the prime factors of 158620.
2, 5, 7, 11, 103
What are the prime factors of 1521420?
2, 3, 5, 25357
What are the prime factors of 1246457?
17, 19, 227
What are the prime factors of 963144?
2, 3, 7, 13
What are the prime factors of 440468?
2, 7, 15731
List the prime factors of 112654.
2, 23, 31, 79
List the prime factors of 864710.
2, 5, 7, 11, 1123
What are the prime factors of 64422?
2, 3, 1193
What are the prime factors of 9498339?
3, 1055371
What are the prime factors of 4474065?
3, 5, 71, 4201
What are the prime factors of 25051583?
25051583
List the prime factors of 959685.
3, 5, 137, 467
List the prime factors of 1449520.
2, 5, 18119
What are the prime factors of 530345?
5, 73, 1453
List the prime factors of 1749503.
7, 293, 853
What are the prime factors of 16818317?
16818317
What are the prime factors of 1938423?
3, 79, 8179
What are the prime factors of 10357950?
2, 3, 5, 199, 347
What are the prime factors of 1249025?
5, 47, 1063
What are the prime factors of 202382?
2, 47, 2153
What are the prime factors of 454474?
2, 223, 1019
What are the prime factors of 268910?
2, 5, 26891
List the prime factors of 20125310.
2, 5, 2012531
List the prime factors of 900773.
900773
List the prime factors of 5610321.
3, 23, 27103
What are the prime factors of 1606144?
2, 3137
What are the prime factors of 193649?
193649
What are the prime factors of 2204458?
2, 17, 23, 2819
What are the prime factors of 1613704?
2, 43, 4691
What are the prime factors of 2178295?
5, 7, 17, 523
What are the prime factors of 65363?
163, 401
What are the prime factors of 1302232?
2, 162779
List the prime factors of 350203.
7, 1021
List the prime factors of 182822.
2, 91411
What are the prime factors of 1123601?
1123601
List the prime factors of 19230006.
2, 3, 61, 52541
List the prime factors of 2676103.
227, 11789
List the prime factors of 99880.
2, 5, 11, 227
List the prime factors of 9759624.
2, 3, 7, 43, 193
What are the prime factors of 63114?
2, 3, 67, 157
What are the prime factors of 2586057?
3, 17, 50707
List the prime factors of 2904049.
23, 31, 4073
List the prime factors of 70433.
11, 19, 337
What are the prime factors of 801845?
5, 11, 61, 239
List the prime factors of 186040.
2, 5, 4651
What are the prime factors of 15966286?
2, 7, 1140449
List the prime factors of 5454247.
5454247
What are the prime factors of 312808?
2, 61, 641
List the prime factors of 1384678.
2, 53, 13063
What are the prime factors of 773948?
2, 7, 131, 211
List the prime factors of 4136785.
5, 37, 59, 379
What are the prime factors of 4329134?
2, 433, 4999
List the prime factors of 37508197.
179, 209543
What are the prime factors of 131160?
2, 3, 5, 1093
List the prime factors of 3466050.
2, 3, 5, 7, 3301
What are the prime factors of 193878?
2, 3, 10771
List the prime factors of 278576.
2, 23, 757
What are the prime factors of 2508206?
2, 281, 4463
List the prime factors of 945361.
53, 17837
What are the prime factors of 1905368?
2, 238171
List the prime factors of 347970.
2, 3, 5, 7, 1657
What are the prime factors of 4829572?
2, 11, 19, 53, 109
List the prime factors of 542996.
2, 29, 31, 151
What are the prime factors of 2974997?
2974997
List the prime factors of 1264024.
2, 158003
List the prime factors of 43740.
2, 3, 5
What are the prime factors of 3138831?
3, 12917
List the prime factors of 4855856.
2, 303491
What are the prime factors of 96652?
2, 73, 331
What are the prime factors of 112544?
2, 3517
List the prime factors of 100552.
2, 12569
List the prime factors of 302160.
2, 3, 5, 1259
List the prime factors of 15850139.
47, 563, 599
What are the prime factors of 2705438?
2, 53, 25523
List the prime factors of 23116484.
2, 5779121
List the prime factors of 302136.
2, 3, 12589
List the prime factors of 1322915.
5, 11, 67, 359
List the prime factors of 2596635.
3, 5, 19, 3037
List the prime factors of 17521686.
2, 3, 7, 13, 19, 563
What are the prime factors of 172203?
3, 61, 941
What are the prime factors of 488447?
29, 16843
What are the prime factors of 705318?
2, 3, 19, 23, 269
List the prime factors of 256275.
3, 5, 17, 67
What are the prime factors of 8926872?
2, 3, 431, 863
List the prime factors of 10764561.
3, 1087, 3301
What are the prime factors of 334572?
2, 3, 7, 569
What are the prime factors of 96869?
157, 617
What are the prime factors of 2244484?
2, 11, 29, 1759
What are the prime factors of 1560004?
2, 390001
What are the prime factors of 4375659?
3, 71, 20543
List the prime factors of 249557.
7, 11, 463
List the prime factors of 422868.
2, 3, 131, 269
List the prime factors of 113302.
2, 7, 8093
What are the prime factors of 36765?
3, 5, 19, 43
What are the prime factors of 6428535?
3, 5, 428569
What are the prime factors of 578271?
3, 192757
What are the prime factors of 469249?
11, 29, 1471
What are the prime factors of 154889?
7, 29, 109
List the prime factors of 1721346.
2, 3, 11, 2371
List the prime factors of 30603182.
2, 59, 223, 1163
List the prime factors of 506776.
2, 63347
What are the prime factors of 130801?
11, 23, 47
List the prime factors of 5742.
2, 3, 11, 29
List the prime factors of 610405.
5, 122081
What are the prime factors of 9334059?
3, 7, 47, 193
List the prime factors of 111148.
2, 37, 751
List the prime factors of 23162115.
3, 5, 31, 49811
What are the prime factors of 18087194?
2, 83, 108959
List the prime factors of 200570.
2, 5, 31, 647
List the prime factors of 409071.
3, 13, 17, 617
List the prime factors of 1278348.
2, 3, 307, 347
List the prime factors of 2160357.
3, 19, 151, 251
List the prime factors of 3097574.
2, 1548787
What are the prime factors of 2707613?
293, 9241
List the prime factors of 7128889.
131, 54419
What are the prime factors of 563735?
5, 31, 3637
What are the prime factors of 1212147?
3, 134683
What are the prime factors of 162095?
5, 17, 1907
List the prime factors of 233932.
2, 233, 251
List the prime factors of 331033.
109, 3037
What are the prime factors of 16416582?
2, 3, 7, 13, 107, 281
List the prime factors of 19006887.
3, 101, 149, 421
List the prime factors of 687112.
2, 85889
What are the prime factors of 14627?
14627
What are the prime factors of 36145?
5, 7229
List the prime factors of 162715.
5, 7, 4649
What are the prime factors of 99698?
2, 79, 631
What are the prime factors of 485010?
2, 3, 5, 17, 317
What are the prime factors of 5002014?
2, 3, 833669
List the prime factors of 160292.
2, 11, 3643
List the prime factors of 331145.
5, 103, 643
What are the prime factors of 17099620?
2, 5, 17, 19, 2647
List the prime factors of 20018569.
47, 97, 4391
List the prime factors of 38830340.
2, 5, 1941517
What are the prime factors of 18636641?
17, 37, 29629
List the prime factors of 287757.
3, 31973
List the prime factors of 2229464.
2, 43, 6481
List the prime factors of 2754533.
59, 46687
List the prime factors of 2290434.
2, 3, 381739
List the prime factors of 345568.
2, 10799
What are the prime factors of 13076?
2, 7, 467
What a